[INFO] fetching crate actix-multipart-derive 0.1.0...
[INFO] building actix-multipart-derive-0.1.0 against master#ff34b919075f35a1787659e9c448a34b06bab8de for issue-85264
[INFO] extracting crate actix-multipart-derive 0.1.0 into /workspace/builds/worker-10/source
[INFO] validating manifest of crates.io crate actix-multipart-derive 0.1.0 on toolchain ff34b919075f35a1787659e9c448a34b06bab8de
[INFO] running `Command { std: "/workspace/cargo-home/bin/cargo" "+ff34b919075f35a1787659e9c448a34b06bab8de" "metadata" "--manifest-path" "Cargo.toml" "--no-deps", kill_on_drop: false }`
[INFO] started tweaking crates.io crate actix-multipart-derive 0.1.0
[INFO] finished tweaking crates.io crate actix-multipart-derive 0.1.0
[INFO] tweaked toml for crates.io crate actix-multipart-derive 0.1.0 written to /workspace/builds/worker-10/source/Cargo.toml
[INFO] crate crates.io crate actix-multipart-derive 0.1.0 already has a lockfile, it will not be regenerated
[INFO] running `Command { std: "/workspace/cargo-home/bin/cargo" "+ff34b919075f35a1787659e9c448a34b06bab8de" "fetch" "--manifest-path" "Cargo.toml", kill_on_drop: false }`
[INFO] running `Command { std: "docker" "create" "-v" "/var/lib/crater-agent-workspace/builds/worker-10/target:/opt/rustwide/target:rw,Z" "-v" "/var/lib/crater-agent-workspace/builds/worker-10/source:/opt/rustwide/workdir:ro,Z" "-v" "/var/lib/crater-agent-workspace/cargo-home:/opt/rustwide/cargo-home:ro,Z" "-v" "/var/lib/crater-agent-workspace/rustup-home:/opt/rustwide/rustup-home:ro,Z" "-e" "SOURCE_DIR=/opt/rustwide/workdir" "-e" "CARGO_TARGET_DIR=/opt/rustwide/target" "-e" "CARGO_HOME=/opt/rustwide/cargo-home" "-e" "RUSTUP_HOME=/opt/rustwide/rustup-home" "-w" "/opt/rustwide/workdir" "-m" "1610612736" "--user" "0:0" "--network" "none" "ghcr.io/rust-lang/crates-build-env/linux@sha256:20528e8c29e4536546f0102ce88568b16ea7538393a33fcca951030f7af10457" "/opt/rustwide/cargo-home/bin/cargo" "+ff34b919075f35a1787659e9c448a34b06bab8de" "metadata" "--no-deps" "--format-version=1", kill_on_drop: false }`
[INFO] [stdout] 91e5efe180fd0d84d3d3ed77aba9c94144939545a6d5fcb794065a5e7212a290
[INFO] [stderr] WARNING: Your kernel does not support swap limit capabilities or the cgroup is not mounted. Memory limited without swap.
[INFO] running `Command { std: "docker" "start" "-a" "91e5efe180fd0d84d3d3ed77aba9c94144939545a6d5fcb794065a5e7212a290", kill_on_drop: false }`
[INFO] running `Command { std: "docker" "inspect" "91e5efe180fd0d84d3d3ed77aba9c94144939545a6d5fcb794065a5e7212a290", kill_on_drop: false }`
[INFO] running `Command { std: "docker" "rm" "-f" "91e5efe180fd0d84d3d3ed77aba9c94144939545a6d5fcb794065a5e7212a290", kill_on_drop: false }`
[INFO] [stdout] 91e5efe180fd0d84d3d3ed77aba9c94144939545a6d5fcb794065a5e7212a290
[INFO] running `Command { std: "docker" "create" "-v" "/var/lib/crater-agent-workspace/builds/worker-10/target:/opt/rustwide/target:rw,Z" "-v" "/var/lib/crater-agent-workspace/builds/worker-10/source:/opt/rustwide/workdir:ro,Z" "-v" "/var/lib/crater-agent-workspace/cargo-home:/opt/rustwide/cargo-home:ro,Z" "-v" "/var/lib/crater-agent-workspace/rustup-home:/opt/rustwide/rustup-home:ro,Z" "-e" "SOURCE_DIR=/opt/rustwide/workdir" "-e" "CARGO_TARGET_DIR=/opt/rustwide/target" "-e" "CARGO_INCREMENTAL=0" "-e" "RUST_BACKTRACE=full" "-e" "RUSTFLAGS=--cap-lints=forbid" "-e" "CARGO_HOME=/opt/rustwide/cargo-home" "-e" "RUSTUP_HOME=/opt/rustwide/rustup-home" "-w" "/opt/rustwide/workdir" "-m" "1610612736" "--user" "0:0" "--network" "none" "ghcr.io/rust-lang/crates-build-env/linux@sha256:20528e8c29e4536546f0102ce88568b16ea7538393a33fcca951030f7af10457" "/opt/rustwide/cargo-home/bin/cargo" "+ff34b919075f35a1787659e9c448a34b06bab8de" "build" "--frozen" "--message-format=json", kill_on_drop: false }`
[INFO] [stdout] 964b284e0c1e960300aa7845e31652eb99fa08fa6004e02c5990d8d3af4027fd
[INFO] [stderr] WARNING: Your kernel does not support swap limit capabilities or the cgroup is not mounted. Memory limited without swap.
[INFO] running `Command { std: "docker" "start" "-a" "964b284e0c1e960300aa7845e31652eb99fa08fa6004e02c5990d8d3af4027fd", kill_on_drop: false }`
[INFO] [stderr]     Blocking waiting for file lock on package cache
[INFO] [stderr]    Compiling proc-macro2 v1.0.24
[INFO] [stderr]    Compiling syn v1.0.48
[INFO] [stderr]    Compiling libc v0.2.80
[INFO] [stderr]    Compiling log v0.4.11
[INFO] [stderr]    Compiling futures-core v0.3.7
[INFO] [stderr]    Compiling version_check v0.9.2
[INFO] [stderr]    Compiling futures-sink v0.3.7
[INFO] [stderr]    Compiling proc-macro-nested v0.1.6
[INFO] [stderr]    Compiling once_cell v1.4.1
[INFO] [stderr]    Compiling futures-io v0.3.7
[INFO] [stderr]    Compiling pin-project-internal v0.4.27
[INFO] [stderr]    Compiling smallvec v1.4.2
[INFO] [stderr]    Compiling getrandom v0.1.15
[INFO] [stderr]    Compiling tinyvec v0.3.4
[INFO] [stderr]    Compiling serde_derive v1.0.117
[INFO] [stderr]    Compiling adler v0.2.3
[INFO] [stderr]    Compiling typenum v1.12.0
[INFO] [stderr]    Compiling gimli v0.23.0
[INFO] [stderr]    Compiling serde v1.0.117
[INFO] [stderr]    Compiling object v0.22.0
[INFO] [stderr]    Compiling cc v1.0.62
[INFO] [stderr]    Compiling const_fn v0.4.3
[INFO] [stderr]    Compiling rustc-demangle v0.1.18
[INFO] [stderr]    Compiling linked-hash-map v0.5.3
[INFO] [stderr]    Compiling regex-syntax v0.6.21
[INFO] [stderr]    Compiling dtoa v0.4.6
[INFO] [stderr]    Compiling instant v0.1.8
[INFO] [stderr]    Compiling tracing-core v0.1.17
[INFO] [stderr]    Compiling thread_local v1.0.1
[INFO] [stderr]    Compiling bytestring v0.1.5
[INFO] [stderr]    Compiling lock_api v0.4.1
[INFO] [stderr]    Compiling miniz_oxide v0.4.3
[INFO] [stderr]    Compiling indexmap v1.6.0
[INFO] [stderr]    Compiling unicode-bidi v0.3.4
[INFO] [stderr]    Compiling form_urlencoded v1.0.0
[INFO] [stderr]    Compiling futures-channel v0.3.7
[INFO] [stderr]    Compiling futures-task v0.3.7
[INFO] [stderr]    Compiling http v0.2.1
[INFO] [stderr]    Compiling unicode-normalization v0.1.13
[INFO] [stderr]    Compiling tinyvec v1.0.1
[INFO] [stderr]    Compiling lru-cache v0.1.2
[INFO] [stderr]    Compiling standback v0.2.11
[INFO] [stderr]    Compiling generic-array v0.14.4
[INFO] [stderr]    Compiling time v0.2.22
[INFO] [stderr]    Compiling cookie v0.14.3
[INFO] [stderr]    Compiling crc32fast v1.2.1
[INFO] [stderr]    Compiling encoding_rs v0.8.26
[INFO] [stderr]    Compiling fxhash v0.2.1
[INFO] [stderr]    Compiling tracing v0.1.21
[INFO] [stderr]    Compiling iovec v0.1.4
[INFO] [stderr]    Compiling net2 v0.2.35
[INFO] [stderr]    Compiling signal-hook-registry v1.2.2
[INFO] [stderr]    Compiling num_cpus v1.13.0
[INFO] [stderr]    Compiling parking_lot_core v0.8.0
[INFO] [stderr]    Compiling hostname v0.3.1
[INFO] [stderr]    Compiling socket2 v0.3.15
[INFO] [stderr]    Compiling flate2 v1.0.19
[INFO] [stderr]    Compiling quote v1.0.7
[INFO] [stderr]    Compiling idna v0.2.0
[INFO] [stderr]    Compiling brotli-sys v0.3.2
[INFO] [stderr]    Compiling mio v0.6.22
[INFO] [stderr]    Compiling threadpool v1.8.1
[INFO] [stderr]    Compiling resolv-conf v0.6.3
[INFO] [stderr]    Compiling rand_core v0.5.1
[INFO] [stderr]    Compiling parking_lot v0.11.0
[INFO] [stderr]    Compiling rand_chacha v0.2.2
[INFO] [stderr]    Compiling url v2.2.0
[INFO] [stderr]    Compiling rand v0.7.3
[INFO] [stderr]    Compiling mio-uds v0.6.8
[INFO] [stderr]    Compiling addr2line v0.14.0
[INFO] [stderr]    Compiling block-buffer v0.9.0
[INFO] [stderr]    Compiling digest v0.9.0
[INFO] [stderr]    Compiling regex v1.4.2
[INFO] [stderr]    Compiling tokio v0.2.22
[INFO] [stderr]    Compiling backtrace v0.3.54
[INFO] [stderr]    Compiling sha-1 v0.9.2
[INFO] [stderr]    Compiling tokio-util v0.3.1
[INFO] [stderr]    Compiling brotli2 v0.3.2
[INFO] [stderr]    Compiling pin-project-internal v1.0.1
[INFO] [stderr]    Compiling futures-macro v0.3.7
[INFO] [stderr]    Compiling derive_more v0.99.11
[INFO] [stderr]    Compiling actix-macros v0.1.2
[INFO] [stderr]    Compiling thiserror-impl v1.0.22
[INFO] [stderr]    Compiling enum-as-inner v0.3.3
[INFO] [stderr]    Compiling async-trait v0.1.41
[INFO] [stderr]    Compiling time-macros-impl v0.1.1
[INFO] [stderr]    Compiling actix-web-codegen v0.4.0
[INFO] [stderr]    Compiling actix-multipart-derive-impl v0.1.0
[INFO] [stderr]    Compiling time-macros v0.1.1
[INFO] [stderr]    Compiling thiserror v1.0.22
[INFO] [stderr]    Compiling pin-project v0.4.27
[INFO] [stderr]    Compiling actix-codec v0.3.0
[INFO] [stderr]    Compiling tracing-futures v0.2.4
[INFO] [stderr]    Compiling pin-project v1.0.1
[INFO] [stderr]    Compiling futures-util v0.3.7
[INFO] [stderr]    Compiling actix-threadpool v0.3.3
[INFO] [stderr]    Compiling actix-rt v1.1.1
[INFO] [stderr]    Compiling actix-service v1.0.6
[INFO] [stderr]    Compiling futures v0.3.7
[INFO] [stderr]    Compiling h2 v0.2.7
[INFO] [stderr]    Compiling trust-dns-proto v0.19.5
[INFO] [stderr]    Compiling actix-utils v2.0.0
[INFO] [stderr]    Compiling actix-server v1.0.4
[INFO] [stderr]    Compiling actix-tls v2.0.0
[INFO] [stderr]    Compiling actix-testing v1.0.1
[INFO] [stderr]    Compiling trust-dns-resolver v0.19.5
[INFO] [stderr]    Compiling serde_json v1.0.59
[INFO] [stderr]    Compiling serde_urlencoded v0.6.1
[INFO] [stderr]    Compiling actix-router v0.2.5
[INFO] [stderr]    Compiling actix-connect v2.0.0
[INFO] [stderr]    Compiling actix-http v2.1.0
[INFO] [stderr]    Compiling awc v2.0.1
[INFO] [stderr]    Compiling actix-web v3.2.0
[INFO] [stderr]    Compiling actix-multipart-derive v0.1.0 (/opt/rustwide/workdir)
[INFO] [stderr]     Finished dev [unoptimized + debuginfo] target(s) in 3m 57s
[INFO] running `Command { std: "docker" "inspect" "964b284e0c1e960300aa7845e31652eb99fa08fa6004e02c5990d8d3af4027fd", kill_on_drop: false }`
[INFO] running `Command { std: "docker" "rm" "-f" "964b284e0c1e960300aa7845e31652eb99fa08fa6004e02c5990d8d3af4027fd", kill_on_drop: false }`
[INFO] [stdout] 964b284e0c1e960300aa7845e31652eb99fa08fa6004e02c5990d8d3af4027fd
[INFO] running `Command { std: "docker" "create" "-v" "/var/lib/crater-agent-workspace/builds/worker-10/target:/opt/rustwide/target:rw,Z" "-v" "/var/lib/crater-agent-workspace/builds/worker-10/source:/opt/rustwide/workdir:ro,Z" "-v" "/var/lib/crater-agent-workspace/cargo-home:/opt/rustwide/cargo-home:ro,Z" "-v" "/var/lib/crater-agent-workspace/rustup-home:/opt/rustwide/rustup-home:ro,Z" "-e" "SOURCE_DIR=/opt/rustwide/workdir" "-e" "CARGO_TARGET_DIR=/opt/rustwide/target" "-e" "CARGO_INCREMENTAL=0" "-e" "RUST_BACKTRACE=full" "-e" "RUSTFLAGS=--cap-lints=forbid" "-e" "CARGO_HOME=/opt/rustwide/cargo-home" "-e" "RUSTUP_HOME=/opt/rustwide/rustup-home" "-w" "/opt/rustwide/workdir" "-m" "1610612736" "--user" "0:0" "--network" "none" "ghcr.io/rust-lang/crates-build-env/linux@sha256:20528e8c29e4536546f0102ce88568b16ea7538393a33fcca951030f7af10457" "/opt/rustwide/cargo-home/bin/cargo" "+ff34b919075f35a1787659e9c448a34b06bab8de" "test" "--frozen" "--no-run" "--message-format=json", kill_on_drop: false }`
[INFO] [stdout] d9484a5a9fa43fe941baa721f5d0d07d570cd3535fbc88b51286fa578efb0ad5
[INFO] [stderr] WARNING: Your kernel does not support swap limit capabilities or the cgroup is not mounted. Memory limited without swap.
[INFO] running `Command { std: "docker" "start" "-a" "d9484a5a9fa43fe941baa721f5d0d07d570cd3535fbc88b51286fa578efb0ad5", kill_on_drop: false }`
[INFO] [stderr]    Compiling actix-multipart-derive v0.1.0 (/opt/rustwide/workdir)
[INFO] [stdout] error[E0433]: failed to resolve: could not find `futures_util` in the list of imported crates
[INFO] [stdout]  --> examples/file-and-field.rs:4:33
[INFO] [stdout]   |
[INFO] [stdout] 4 | #[derive(Debug, Clone, Default, MultipartForm)]
[INFO] [stdout]   |                                 ^^^^^^^^^^^^^ could not find `futures_util` in the list of imported crates
[INFO] [stdout]   |
[INFO] [stdout]   = note: this error originates in a derive macro (in Nightly builds, run with -Z macro-backtrace for more info)
[INFO] [stdout] 
[INFO] [stdout] 
[INFO] [stdout] error[E0432]: unresolved import `actix_multipart`
[INFO] [stdout]  --> examples/file-and-field.rs:4:33
[INFO] [stdout]   |
[INFO] [stdout] 4 | #[derive(Debug, Clone, Default, MultipartForm)]
[INFO] [stdout]   |                                 ^^^^^^^^^^^^^ could not find `actix_multipart` in the list of imported crates
[INFO] [stdout]   |
[INFO] [stdout]   = note: this error originates in a derive macro (in Nightly builds, run with -Z macro-backtrace for more info)
[INFO] [stdout] 
[INFO] [stdout] 
[INFO] [stdout] error[E0433]: failed to resolve: could not find `actix_multipart` in the list of imported crates
[INFO] [stdout]  --> examples/file-and-field.rs:4:33
[INFO] [stdout]   |
[INFO] [stdout] 4 | #[derive(Debug, Clone, Default, MultipartForm)]
[INFO] [stdout]   |                                 ^^^^^^^^^^^^^ could not find `actix_multipart` in the list of imported crates
[INFO] [stdout]   |
[INFO] [stdout]   = note: this error originates in a derive macro (in Nightly builds, run with -Z macro-backtrace for more info)
[INFO] [stdout] 
[INFO] [stdout] 
[INFO] [stdout] error[E0308]: mismatched types
[INFO] [stdout]  --> examples/file-and-field.rs:4:33
[INFO] [stdout]   |
[INFO] [stdout] 4 | #[derive(Debug, Clone, Default, MultipartForm)]
[INFO] [stdout]   |                                 ^^^^^^^^^^^^^
[INFO] [stdout]   |                                 |
[INFO] [stdout]   |                                 expected `str`, found `&str`
[INFO] [stdout]   |                                 this expression has type `str`
[INFO] [stdout]   |
[INFO] [stdout]   = note: this error originates in a macro (in Nightly builds, run with -Z macro-backtrace for more info)
[INFO] [stdout] 
[INFO] [stdout] 
[INFO] [stdout] error[E0308]: mismatched types
[INFO] [stdout]  --> examples/file-and-field.rs:4:33
[INFO] [stdout]   |
[INFO] [stdout] 4 | #[derive(Debug, Clone, Default, MultipartForm)]
[INFO] [stdout]   |                                 ^^^^^^^^^^^^^
[INFO] [stdout]   |                                 |
[INFO] [stdout]   |                                 expected `str`, found `&str`
[INFO] [stdout]   |                                 this expression has type `str`
[INFO] [stdout]   |
[INFO] [stdout]   = note: this error originates in a macro (in Nightly builds, run with -Z macro-backtrace for more info)
[INFO] [stdout] 
[INFO] [stdout] 
[INFO] [stdout] error[E0308]: mismatched types
[INFO] [stdout]  --> examples/file-and-field.rs:4:33
[INFO] [stdout]   |
[INFO] [stdout] 4 | #[derive(Debug, Clone, Default, MultipartForm)]
[INFO] [stdout]   |                                 ^^^^^^^^^^^^^
[INFO] [stdout]   |                                 |
[INFO] [stdout]   |                                 expected `str`, found `&str`
[INFO] [stdout]   |                                 this expression has type `str`
[INFO] [stdout]   |
[INFO] [stdout]   = note: this error originates in a macro (in Nightly builds, run with -Z macro-backtrace for more info)
[INFO] [stdout] 
[INFO] [stdout] 
[INFO] [stdout] error[E0308]: mismatched types
[INFO] [stdout]  --> examples/file-and-field.rs:4:33
[INFO] [stdout]   |
[INFO] [stdout] 4 | #[derive(Debug, Clone, Default, MultipartForm)]
[INFO] [stdout]   |                                 ^^^^^^^^^^^^^
[INFO] [stdout]   |                                 |
[INFO] [stdout]   |                                 expected `str`, found `&str`
[INFO] [stdout]   |                                 this expression has type `str`
[INFO] [stdout]   |
[INFO] [stdout]   = note: this error originates in a macro (in Nightly builds, run with -Z macro-backtrace for more info)
[INFO] [stdout] 
[INFO] [stdout] 
[INFO] [stdout] error[E0599]: no method named `boxed_local` found for opaque type `impl std::future::Future` in the current scope
[INFO] [stdout]    --> examples/file-and-field.rs:4:33
[INFO] [stdout]     |
[INFO] [stdout] 4   | #[derive(Debug, Clone, Default, MultipartForm)]
[INFO] [stdout]     |                                 ^^^^^^^^^^^^^ method not found in `impl std::future::Future`
[INFO] [stdout]     | 
[INFO] [stdout]    ::: /opt/rustwide/cargo-home/registry/src/github.com-1ecc6299db9ec823/futures-util-0.3.7/src/future/future/mod.rs:531:8
[INFO] [stdout]     |
[INFO] [stdout] 531 |     fn boxed_local<'a>(self) -> LocalBoxFuture<'a, Self::Output>
[INFO] [stdout]     |        ----------- the method is available for `impl std::future::Future` here
[INFO] [stdout]     |
[INFO] [stdout]     = help: items from traits can only be used if the trait is in scope
[INFO] [stdout]     = note: this error originates in a derive macro (in Nightly builds, run with -Z macro-backtrace for more info)
[INFO] [stdout] help: the following trait is implemented but not in scope; perhaps add a `use` for it:
[INFO] [stdout]     |
[INFO] [stdout] 1   | use futures_util::future::future::FutureExt;
[INFO] [stdout]     |
[INFO] [stdout] 
[INFO] [stdout] 
[INFO] [stdout] error: aborting due to 8 previous errors
[INFO] [stdout] 
[INFO] [stdout] 
[INFO] [stdout] Some errors have detailed explanations: E0308, E0432, E0433, E0599.
[INFO] [stdout] 
[INFO] [stdout] For more information about an error, try `rustc --explain E0308`.
[INFO] [stdout] 
[INFO] [stderr] error: could not compile `actix-multipart-derive`
[INFO] [stderr] 
[INFO] [stderr] To learn more, run the command again with --verbose.
[INFO] [stderr] warning: build failed, waiting for other jobs to finish...
[INFO] [stderr] error: build failed
[INFO] running `Command { std: "docker" "inspect" "d9484a5a9fa43fe941baa721f5d0d07d570cd3535fbc88b51286fa578efb0ad5", kill_on_drop: false }`
[INFO] running `Command { std: "docker" "rm" "-f" "d9484a5a9fa43fe941baa721f5d0d07d570cd3535fbc88b51286fa578efb0ad5", kill_on_drop: false }`
[INFO] [stdout] d9484a5a9fa43fe941baa721f5d0d07d570cd3535fbc88b51286fa578efb0ad5
